6*x - 15. Let o be a(-9). Let y = o - 19. Let g(n) = -n**2 - 9*n. What is the tens digit of g(y)?
1
Let u be (-10 - -11)*(1751 - -3). Suppose 4*h - u = 3*o, 4*o = -3*h - o + 1301. What is the tens digit of h?
3
Suppose -117*b + 115*b + 20 = 0. Suppose -b*r = -17*r - 1316. Let f = r + 274. What is the tens digit of f?
8
Let q(k) = 2*k**3 + 13*k**2 - 27*k. Let v be q(7). Suppose 269 = -5*w + v. What is the tens digit of w?
7
What is the units digit of ((-140308)/(-21) - 0)/(1/(6/4))?
2
Let q = 89 + -145. Let c be q/(-3) + 1/3. Let p = 62 - c. What is the tens digit of p?
4
Let t = 16591 - 31031. What is the units digit of -5*(t/(-25))/(-8)?
1
Let k(u) = u - 11. Let l be k(16). Suppose l*q - 2*q + 5*g - 253 = 0, -4*g = -q + 90. What is the units digit of q?
6
Suppose -2*n + 4*n + 159 = l, -n + l - 80 = 0. Let d = n + 82. Suppose d*x + 16 = 5*o, 0 = 4*o - 8*o - 4*x. What is the units digit of o?
2
Let h(r) = 26*r + 12. Let z be h(-5). Suppose -7*l = 4*l - 2024. Let y = l + z. What is the units digit of y?
6
Let q = 82 - -19. Let u = -102 + q. What is the hundreds digit of u*(-3 - -64)*-2?
1
Let v(b) = -358*b - 721. What is the units digit of v(-18)?
3
Suppose o - 94 = h, -5*o + 485 = h - 3*h. Suppose -232 = -2*v + 4*k, v + 4*k + 1 - o = 0. What is the units digit of v?
0
What is the thousands digit of (19475/50 - 29)*1*34?
2
Let k be ((-36)/(-15))/(3/(17 - 2)). Let g be k/78 + 2/(-13). Suppose g = -3*o - 21 + 231. What is the tens digit of o?
7
Let q(v) = -12*v + 18. Suppose a + 6*a - 609 = 0. Let n = -93 + a. What is the tens digit of q(n)?
9
Suppose 34*v - 30*v = -36. What is the tens digit of (-1)/v - (-6)/((-324)/(-12846))?
3
Let r(v) = -135*v**2 - 24*v - 15. Let i(a) = -34*a**2 - 6*a - 4. Let h(g) = -9*i(g) + 2*r(g). What is the units digit of h(-1)?
6
Let z be 8/(-20) - (-7)/((-35)/(-12)). Let a be (-213)/(-2) + 3/z. Let f = a + 54. What is the hundreds digit of f?
1
Let d be 4/6 - 1904/(-51). Let x = 22 - d. Let q = x - -72. What is the tens digit of q?
5
Let q = -6413 - -2368. What is the units digit of (-8)/10 + q/(-25)?
1
Let m(d) = d**3 - 4*d**2 - 12*d + 8. Suppose -g + 0*f = 3*f - 1, 4*f - 60 = -5*g. Let b = g + -10. What is the units digit of m(b)?
8
Let w = 7197 - 3420. What is the thousands digit of w?
3
Let z be 2*4 - (-35 + 28). Let g(c) = -c**3 + 12*c**2 + 52*c - 10. What is the units digit of g(z)?
5
Let m = 24496 + -10541. What is the units digit of m?
5
Let k = -36827 + 55302. What is the tens digit of k?
7
Suppose 0 = 3*k + 2*j - 98472, -59576 = -5*k - 2*j + 104548. What is the units digit of k?
6
Let t be (-5)/40 + (-7)/((-56)/153). Let x = 177 - t. What is the units digit of x?
8
Let b(r) = r**3 + 8*r**2 + 7*r - 12. Let d be b(-7). What is the units digit of (1 - -7)*(-123)/d?
2
Let l(v) = 7*v - 17. Let z be l(5). Let j be 96*(-4)/((-32)/z). Suppose b + 110 = t, -4*b - j = -t - t. What is the tens digit of t?
1
Suppose -8*v + 4 = -4*v. Let j be v/(3 - 68/24). Suppose j*l - 196 = 122. What is the units digit of l?
3
Let o be (-28)/(-4) - -3 - 8. What is the units digit of (o + -4 - -4) + (590 - -16)?
8
Let g(u) be the first derivative of -2*u**2 + 28*u + 3. Let k be g(7). Suppose -25*a + 27*a - 128 = k. What is the tens digit of a?
6
Suppose 5*k + 4*n = 129802, k = -3*n + 11958 + 14020. What is the tens digit of k?
5
Suppose -18*k + 114 = 114. Suppose k = -8*o - 2097 + 7425. What is the tens digit of o?
6
Let w = -44783 - -125285. What is the tens digit of w?
0
Let t be 8 + 7/((-7)/2). Suppose 0 = -5*z - t*z + 5225. What is the units digit of z?
5
Let b = -229 + 229. Suppose b = -4*j - 5*w + 4572, -5*j + w - 1228 + 6972 = 0. What is the units digit of j?
8
Suppose 26*d = 16*d - 200. What is the hundreds digit of (1199/2 - 2) + 10/d?
5
Let d = -789 - -179. Let u = d + 1328. What is the tens digit of u?
1
Suppose 4*k - 4*i = 38956, 213 - 211 = i. What is the hundreds digit of k?
7
Let d(o) = 37*o + 1. Let c be d(-2). Let x = c - -157. Let w = x + -27. What is the tens digit of w?
5
Let g(u) be the third derivative of u**5/60 + 7*u**4/24 + u**3/6 - 26*u**2. Let d be g(-7). What is the tens digit of 2/(-4)*(d - 63)?
3
Suppose -t + 2*r = 6*r - 76, 3*t - 158 = 2*r. Let z = t - 52. Suppose z = -p + 1, -129 = -2*x - 3*p. What is the units digit of x?
9
Let m(o) = 27*o**2 + 96*o + 69. What is the hundreds digit of m(21)?
9
Let b(c) be the second derivative of c**4/6 + c**3/6 - 2*c**2 + 18*c. Let i be b(10). Suppose 0*t = -4*t - 5*n + i, 4*n + 8 = 0. What is the tens digit of t?
5
Let a(s) = 4*s**3 - 24*s**2 - 66*s - 15. Let r(d) = -d**3 - d**2 - 1. Let h(i) = -a(i) - 3*r(i). What is the hundreds digit of h(29)?
2
Suppose -1442 = -5*l + k, 0 = -3*k + 2 - 8. Suppose -46*p - 10 = 450. What is the units digit of l/5 - (-6)/p?
7
Suppose 2*g + 2*s + 2 = 0, 3*s + 0 + 3 = 0. Suppose -2*h + 3*r + 697 = g, -4*h = 7*r - 2*r - 1383. What is the hundreds digit of h?
3
Let p be (-3 + (-285)/6)*6. Let f = p - -611. What is the hundreds digit of f?
3
What is the hundreds digit of 40701/10 + (-25)/250?
0
Let l(a) = 19*a**3 + 3*a**2 + 24*a - 51. Let u be l(2). Let t = u + -126. What is the units digit of t?
5
Let u = -26 + -45. Let t = 133 - u. What is the tens digit of t?
0
Let z(d) = d**2 - 19*d + 24. Let f be z(22). What is the hundreds digit of f/(-60) - (-2946)/4?
7
Suppose 2*k + 27*x - 24*x = 19674, 2*x - 8 = 0. What is the hundreds digit of k?
8
Let w(d) = 616*d**2 - 51*d + 222. What is the tens digit of w(5)?
6
Let d = -91 - -93. Suppose -171 = -w - d. Suppose 0 = y - 2*q - w, 2*y + 8*q - 350 = 6*q. What is the units digit of y?
3
Suppose w - 145 - 128 = 0. Let o be 2/3 - (-2 + w/(-9)). Suppose 3*i - 105 + o = 0. What is the tens digit of i?
2
Suppose 127*f - 147*f + 32340 = 0. What is the units digit of f?
7
Let n(c) = 24*c + 789. Let k(u) = u**3 - 2*u**2 + 2*u - 1. Let f be k(1). What is the tens digit of n(f)?
8
Suppose -17*f + 9*f + 24 = 0. Let h(c) = c**3 - c. Let s(i) = -4*i**3 + 16*i**2 + 19*i - 21. Let k(g) = f*h(g) + s(g). What is the tens digit of k(16)?
3
Let t(r) = 16*r**2 - 5*r + 3. Let c be t(4). Let d = -1669 + 1534. Let m = d + c. What is the units digit of m?
4
Let k(c) = -c**3 - 53*c**2 + 69*c - 792. What is the hundreds digit of k(-56)?
7
Let z(r) = r**2 - 2*r + 4. Let w = 85 + -91. Let p be z(w). Let a = p - 24. What is the tens digit of a?
2
Let y = -7840 + 9917. What is the thousands digit of y?
2
Let l = -13021 - -19095. What is the thousands digit of l?
6
Suppose 3*d - 18 = h, -d = 46*h - 51*h - 34. What is the units digit of (50/4)/(h/(-348))?
5
Let v = -119 - -122. What is the tens digit of 656/v + 32/24?
2
Suppose 0 = -5*x + 27 - 12. Suppose 38 = x*q + 74. What is the units digit of q + 8 - (14*9)/(-2)?
9
Let g = -253 - -545. Let d = 90 - 83. Suppose -v - g = -d*z + 4*z, -2*v - 390 = -4*z. What is the units digit of z?
7
Let z(w) = -2*w + 8. Let q be z(5). Let n = q + 340. What is the units digit of n?
8
Let w(s) = 21 - 45*s + 0*s - 54*s - 4*s + 8*s. What is the hundreds digit of w(-4)?
4
Let w(u) = 2*u**2 + 14*u + 14. Let d be w(-6). Suppose 2*n - n + d = 0, 3*g - 5*n = -101. What is the tens digit of (0 - (-48)/(-18))*(g - -1)?
9
Let j = 15 - 28. Let m = -9 - j. Suppose 5*h - m*h = 71. What is the units digit of h?
1
Let m = 1163 + -756. Let r(b) = 111*b**3 + b**2 + 3*b - 4. Let d be r(1). Suppose 4*n - d = -j, -3*n = -5*j + 171 + m. What is the units digit of j?
5
Let n(z) be the third derivative of 7*z**5/12 - 5*z**4/12 + 23*z**3/3 + z**2. What is the tens digit of n(4)?
6
Let l(d) = -29766*d - 32. What is the ten thousands digit of l(-1)?
2
Suppose 8*t - 79 = -143. Let u(g) = -109*g + 279. What is the tens digit of u(t)?
5
Suppose -53754 = 69*z - 418695. What is the thousands digit of z?
5
Let x = 119 - 117. Suppose 3*r + 0*t + 4*t - 8 = 0, -4*r + x*t - 26 = 0. What is the units digit of (-9961)/(-49) - r/(-14)?
3
What is the hundreds digit of (4444 - (-432)/(-18)) + 3*3?
4
Let k(j) be the third derivative of -19*j**4/12 - j**3/2 - 9*j**2. Let h be k(-1). Suppose 0 = 38*r - h*r - 372. What is the hundreds digit of r?
1
Let p(q) = q**3 - 4*q**2 - 13*q + 20. Let l be p(6). Let a = 15 - l. What is the tens digit of (-4 - 3)*-17 + (-2)/a?
1
Let c(k) = k**2 - 41*k + 157. Let q be c(46). What is the hundreds digi